/4?
5
Suppose 0 = 69*m - 77*m + 16. Suppose -4*f = -5*z - 173, 205 = 5*f - 6*z + m*z. What is the units digit of f?
7
Let n(i) = 59*i**2 + 33*i - 3. Let x(g) = -175*g**2 - 99*g + 10. Let h(r) = -11*n(r) - 4*x(r). What is the units digit of h(5)?
3
Let t(y) = -y**2 + 11*y. Let u = -15 - -26. Let o be t(u). Suppose 2*p + 3*p - 55 = o. What is the tens digit of p?
1
Let i(a) = 8*a + 2. Let d(h) = h**3 + 5*h**2 - 7*h - 5. Let u be d(-6). Suppose -l - 2*j + 15 = -u, -l = -2*j. What is the units digit of i(l)?
6
Suppose -2*s - a = -5, -2*s + 4*s + 5*a = -7. Let v be (-84)/(-112) - ((-561)/s)/(-3). Let y = 98 + v. What is the tens digit of y?
5
Let u(j) = -6*j**3 - 23*j**2 - 170*j + 20. What is the thousands digit of u(-11)?
7
Suppose -a - 10*a + 60489 = 0. What is the hundreds digit of (a/72 - 6/16)*8?
6
Let r be (15/3 - 2) + 4. Suppose 115 = -2*w - r. Let p = 9 - w. What is the units digit of p?
0
Let y(k) = 2009*k + 306. What is the hundreds digit of y(6)?
3
What is the tens digit of -13 - (-43980)/(1 + 9)?
8
Suppose 460 = -4*l + 2*q - 486, 3*q - 947 = 4*l. Let s = 44 - l. What is the hundreds digit of s?
2
Let l = -1727 + 2424. Let m = -684 + l. What is the units digit of m?
3
Suppose 5*s = 5*a + 640, -4*a + 136 = 2*s - 150. Suppose s*g - 1422 = 127*g. What is the units digit of g?
7
Let p be (-6)/(-51) + 86892/102. Let i = p - 366. Suppose 14*m - i = 5*m. What is the units digit of m?
4
Suppose -441 - 756 = -3*l. Suppose 5*m - l = -4*o, -2*o + 510 = 3*o - 5*m. What is the tens digit of o?
0
Suppose -6*c = 202 + 32. What is the tens digit of (c/(-3) - 10)/(2/302)?
5
Let b(h) be the first derivative of h**2/2 + 4*h - 9. Let x be b(11). Suppose -4*d = d - x. What is the units digit of d?
3
Suppose 3*z - 3*r = 45, 3*z - 2*z - 15 = -4*r. Let h = 343 + z. What is the hundreds digit of h?
3
Suppose -p + 2*t = -t - 9, 4*p + 3*t = 6. Suppose -4*o - 124 = -4*d, 0 = 3*o + p - 0. Let z = 85 - d. What is the tens digit of z?
5
Let f = -22 + 25. Suppose -f*m = -5*t - 55, -t - 50 = -4*m + t. Suppose -9*b + m*b - 85 = 0. What is the tens digit of b?
8
Let c(s) be the first derivative of -s**4 - 5*s**3/3 - s**2/2 - 2*s + 15. Let i be c(-4). Suppose 25 = -3*z + i. What is the units digit of z?
1
Let q be 25 + (-4)/2 + 2. Suppose 4*h + 3*s - 1 = -0, 5*h - s - q = 0. Suppose h*r = -3*f + 306, f - 2 = -4. What is the units digit of r?
8
Let d(h) = -h**3 - 13*h**2 - 2*h - 11. Let j be d(-13). Suppose 2*z - 4*r = -100, j = -z - 7*r + 2*r. Let g = 114 + z. What is the units digit of g?
4
Let l(w) = -8*w + 2. Let z be l(1). Let o(c) = -c - 1. Let i be o(z). Suppose -i*m + 73 = g, 0 = 3*g - 5*m + 3*m - 270. What is the tens digit of g?
8
Suppose -354*a + 3140170 = -700376. What is the ten thousands digit of a?
1
Let l = -23 - 0. Let d = -9 - l. Suppose -d = 5*g - 134. What is the units digit of g?
4
Let o = 10 - 8. Let f be (o + -1)*-3 + (185 - -6). Let d = -45 + f. What is the units digit of d?
3
Let u = 19 + 5. Let z = -22 + u. What is the units digit of (-14 - z)/(0 - (-3)/(-21))?
2
Let l = -17587 + 75063. What is the tens digit of l?
7
Suppose -497056 - 129914 = -30*f. What is the thousands digit of f?
0
Let s = 25 - 47. Let n be 10413/104 + 1/(-8). Let q = n + s. What is the units digit of q?
8
Suppose 9*o - 39 - 6 = 0. Suppose i - 5*h - 86 = 0, -o*i + 448 = -3*h + 18. Let r = i - 76. What is the tens digit of r?
1
Suppose 0 = 26*j - 143 + 13. Suppose 0 = 4*s + q - 5815, 5*s + j*q - 7271 = 3*q. What is the thousands digit of s?
1
Let w(p) = 38*p**3 + p**2 - 79*p + 27. What is the hundreds digit of w(6)?
7
Let y be 9/54 + (-33)/(-18). Suppose y*f + 4*v = 1170, -f + 252 + 337 = v. What is the tens digit of f?
9
Let s(m) = 319*m**2 - 257*m - 11. What is the units digit of s(-6)?
5
Let k = -485 + 187. Let j = k + 669. What is the tens digit of j?
7
Suppose -187*q + 1388345 = -917178. What is the ten thousands digit of q?
1
Let t = -7092 - -7823. Let w be (-5)/((-1 + 0)*1). Suppose 0 = -w*c + 654 + t. What is the tens digit of c?
7
Let t = 58340 - 28993. What is the units digit of t?
7
Suppose -549297 = 288*m - 205*m - 3425247. What is the hundreds digit of m?
6
Let v = -170 - -194. Suppose -3*s + 3*g = -2373, 29*g - 761 = -s + v*g. What is the tens digit of s?
8
Suppose -107*i + 2469888 = -11*i. What is the ten thousands digit of i?
2
Let w = 66 + -60. Suppose -w*o = -2*o + 3*c - 394, 4*c - 8 = 0. Suppose g + 196 = 4*y, 4*g = -2*y - 17 + o. What is the units digit of y?
8
Suppose -90*c + 1102409 = 214829. What is the thousands digit of c?
9
Suppose -1533 = -21*v + 28*v. Let d = v - -475. What is the tens digit of d?
5
Suppose 22*x + 24 - 2 = 0. Let u(w) = 302*w**2 + 4*w + 5. What is the hundreds digit of u(x)?
3
Let x be 2*-3*4/(-6). Suppose 3*w + 2*q = 18, 0*q + x*q = w - 6. Let p = w - -12. What is the tens digit of p?
1
Suppose 4*c + 14 - 681 = j, -815 = -5*c + 5*j. Let r = c - 20. What is the units digit of r?
8
Suppose 4*x = 4*r - 73268, 427*x - 18309 = -r + 432*x. What is the hundreds digit of r?
3
Let c = -1477 - -803. Let u = c - -997. What is the tens digit of u?
2
Let q be -4 + (6/5)/(1/15). Suppose -8*y - q = -y. Let w = y + 51. What is the units digit of w?
9
Suppose 0 = 22*h - 38*h - 80. What is the units digit of -355*(189/(-35) - h)?
2
Suppose -2*f - 21 = 5*r, -2*f = -0*f + 2*r + 6. Suppose -100 - 21 = -f*j + u, -227 = -4*j - u. What is the units digit of j?
8
Let g(x) = -3*x**2 - 6*x + 2. Let q be g(6). Let s = 7 - q. Suppose -1199 = -14*c - s. What is the tens digit of c?
7
Suppose 3*m - 12699 = -3*f - 0*m, 2*m = 5*f - 21130. Suppose -231*y + 238*y - f = 0. What is the hundreds digit of y?
6
Let d be ((-2520)/75)/((-6)/880). Let c = d + -3476. What is the thousands digit of c?
1
Suppose 84 = i + 2*t, 3*i + 5*t - 75 = 2*i. Let d be (-1)/3 - (-5)/15. Suppose -u + 5*c + i = d, -5*u + 306 = -2*u + 3*c. What is the hundreds digit of u?
1
Suppose -12*w = -21 + 57. What is the tens digit of w + (-3 - -1 - -726)?
2
Let l = -26 - -20. What is the units digit of (52/l)/(28/(-1302))?
3
Suppose -8654*w - 256068 = -8672*w. What is the units digit of w?
6
Suppose 0*i + 4*l = -4*i - 1032, 0 = -3*i + 5*l - 742. Let s = 638 + i. What is the units digit of s?
4
Let d = 94 - 74. What is the tens digit of 1534/30 - d/150?
5
Suppose i - 4*q = 7162, -16*i + 11*i - q = -35873. What is the tens digit of i?
7
Let j = 2905 - -3270. What is the units digit of j?
5
Suppose 4*g - 26151 = 3*g - 4*l, g - 26156 = l. What is the units digit of g?
5
Suppose -101*n + 338844 = 31*n. What is the thousands digit of n?
2
Suppose y - 850383 = -20*t, -4*t = -y + 78771 - 248844. What is the units digit of t?
9
Suppose -5 = c, 2*r + 67*c = 66*c + 623. Suppose 277 - 99 = -x. Let s = r + x. What is the hundreds digit of s?
1
Let g(x) = 210*x + 2418. What is the tens digit of g(42)?
3
Let l = -349 - -351. Suppose l*k = -j - 0*k + 68, -5*j - 2*k + 372 = 0. What is the tens digit of j?
7
Let l = 349 + 31. Let p = -180 + l. What is the tens digit of p?
0
Let r = -753 + 3187. What is the hundreds digit of r?
4
Suppose -8396 = 7*a + 200. What is the hundreds digit of 1 - a/3 - (-118)/177?
4
Let j(v) = 2706*v**2 + 15*v + 29. What is the tens digit of j(-2)?
2
Let q = -8 - -12. Suppose -q*r - 232 = -2792. What is the tens digit of r?
4
Let h = -17391 - -50708. What is the hundreds digit of h?
3
What is the hundreds digit of (5 - -1)/((-63)/(-23332)) + 14/(-147)?
2
Let c(b) = 1182*b**2 + 3*b + 1. Let p be c(3). Suppose -f - p = -12*f. What is the hundreds digit of f?
9
Let b(i) = -14*i + 35. Let h(u) = 15*u - 36. Let p(w) = -3*b(w) - 2*h(w). Let d be p(8). Suppose 5*c + y = 210, -c + 3*y + d = -y. What is the tens digit of c?
4
Suppose -30 = 7*a - 4*a. What is the tens digit of 4/18 - a/((-720)/(-16328))?
2
Let f(v) = 6469*v - 38. What is the ten thousands digit of f(2)?
1
Suppose -5*b = -46 + 11. Let c be 5/(b + 3)*10. What is the tens digit of (1 - c)*1*-15 + 2?
6
Let w(f) = -3*f**3 - f**2 + 22*f + 23. Suppose -3*i - i + 40 = -4*o, 3*i = 12. What is the tens digit of w(o)?
0
What is the units digit of 9261 - ((-60)/8 - -6)*-2?
8
Let h = -11373 - -16958. What is the thousands digit of h?
5
Suppose -2*x = -0*z - z - 8, 3*z = -2*x + 16. Suppose x*t - s - 720 = 2*s, 25 = 5*s. What is the tens digit of t